ime factors of 3/t - (-1379)/(-28)*-2?
2, 5
Suppose -29 = -9*u + 232. Let f = u - -147. List the prime factors of f.
2, 11
Suppose 18*x - 23*x - 3*l + 31 = 0, 4*x - 28 = -4*l. List the prime factors of ((-2544)/30)/((-1)/x) + -5.
419
Let u(a) = 28*a**2 - 5*a - 3. Let y be u(-3). Let g = 271 - y. List the prime factors of g.
7
Suppose -3*q + 15 - 9 = 0. Suppose -3*n + 1359 = 3*i, -q*n + 591 + 311 = 3*i. List the prime factors of n.
457
What are the prime factors of 18293*(9 + -8) - 1*-8?
18301
Suppose -60 = -47*d + 17*d. What are the prime factors of d/3*(-6342)/(-28)?
151
Let j(o) = -o**3 - 31*o**2 + 386*o - 2. List the prime factors of j(-51).
2, 59, 137
Let h(s) = -1621*s - 1244. List the prime factors of h(-8).
2, 3, 977
Let l be ((-9)/(-36))/((-2)/(-16)). Suppose -5*g = -l*b - 487, 3*g + 3*b = 174 + 114. Suppose 177 = 2*h - g. List the prime factors of h.
137
What are the prime factors of ((-24)/(-27))/(14/4 + (-11474290)/3278412)?
2, 4793
Let n be 24/14 - 16/(-56). Suppose 14 = 4*t + n. What are the prime factors of 93/(t/12*6)?
2, 31
Suppose -7*j - 1887 + 7543 = 0. Suppose 8*x - 3*v + 2388 = 11*x, -3*v - j = -x. List the prime factors of x.
17, 47
List the prime factors of (60/(-5) - -36005) + (-2 - 0).
3, 31, 43
Suppose -4*p + 2022 = -958. Suppose 4*q + 0*v - p = v, 730 = 4*q + 2*v. What are the prime factors of q?
5, 37
Let s be 2486/12 - 5/30. Suppose z - s + 62 = -4*v, 5*z = 2*v + 813. Let f = 230 - z. What are the prime factors of f?
3, 23
Let p be (97 - 99)*(-1 - 9). Suppose -3*q = -52 - 374. Suppose q + p = 6*t. List the prime factors of t.
3
What are the prime factors of 5667*3 + 1*72/9?
73, 233
Let f(u) = -2584*u - 64. List the prime factors of f(-5).
2, 1607
Suppose -6*c - 2 = -4*c. Let l be c - 17*(-3 - 40). Suppose -3*t = 7*t - l. List the prime factors of t.
73
Let a(y) = -3614*y**2 - 6*y + 6. Let p be a(1). Let u = 5174 + p. What are the prime factors of u?
2, 3, 5, 13
Suppose 2*m + 5195 = 5*v, 70*v + m = 69*v + 1046. List the prime factors of v.
3, 347
Let g(k) = -1064*k - 1703. What are the prime factors of g(-49)?
3, 16811
Let m(i) = 5*i - 23. Suppose -3*g + 4*g = 1, 0 = 2*q - 5*g - 5. Let w be m(q). Suppose -w*d + 640 = 252. What are the prime factors of d?
2, 97
Suppose -72*f = -78*f + 40128. Suppose 6*n - 22*n = -f. What are the prime factors of n?
2, 11, 19
Let a(q) = -2*q**2 + q - 5. Let j(y) = -4 - 1 + 3 - y + y**2 + 5. Let x(l) = 6*a(l) + 13*j(l). List the prime factors of x(6).
3
Let o(f) = 4*f**2 - 13*f - 674 + 616 - 8*f. What are the prime factors of o(-13)?
3, 11
Let m = -37369 - -55745. List the prime factors of m.
2, 2297
Suppose 7 = 4*w - m, 3*w - 4*m + 8 = 5*w. Suppose -g = -3*a + 1160, -1550 = -3*a - a - w*g. List the prime factors of a.
3, 43
Suppose 0 = 2*i - 5*f - 1531 - 283, -f + 4535 = 5*i. What are the prime factors of -1*(-18 + i)/(1*-1)?
7, 127
Suppose -4*x - 128 = -16676. What are the prime factors of x?
3, 7, 197
Let z(h) = 13*h - 29. Let k be z(4). Let a(l) = -2*l**2 + 69*l - 44. List the prime factors of a(k).
5, 97
Suppose -20 = -8*z + 13*z. Let o = z - -122. List the prime factors of o.
2, 59
Let p be (-3)/(-15)*-103 - (-32)/(-80). List the prime factors of -2 - -1240 - (16 + p).
11, 113
Let l = -2994 + 15672. What are the prime factors of l?
2, 3, 2113
Let z(p) = p**3 - 75*p**2 + 43*p + 549. What are the prime factors of z(85)?
2, 7, 43, 127
Let q be (5 - 22/6) + (-14)/(-3). Suppose -q*u + 73 = 3*x - 4*u, 0 = -3*x + u + 58. What are the prime factors of x?
3, 7
Let q(g) = -359*g - 30. List the prime factors of q(-6).
2, 3, 59
Let b be -507*((-6)/(-6))/(2 - 1). Let l = b - -1000. List the prime factors of l.
17, 29
Let u(i) = 2*i**2 - 13*i + 8. Let j be u(7). Suppose w = 0, 20*s - j*s - w - 1405 = 0. List the prime factors of s.
281
Let p be 5/(-50)*-2 - (-694)/5. Suppose -u + 6*z = 3*z - p, -131 = -u + 5*z. List the prime factors of u.
151
What are the prime factors of 1843440/30 - 7/((-35)/(-40))?
2, 3, 5
Let f(c) = -45 - 124*c + 458*c - 252*c. What are the prime factors of f(5)?
5, 73
Suppose 5*b - 10394 = -2*m, 5*m = 2*b + 16317 + 9668. What are the prime factors of m?
5197
Suppose 0 = 3*o + 4*g - 7091, -4*o + 2*g = -2*g - 9408. List the prime factors of o.
2357
Suppose -d - 5*q + 697 = 0, -3*d = 24*q - 22*q - 2078. Let r = 1075 - d. What are the prime factors of r?
383
Let t(f) = 13*f**2 + 4*f. Let i be t(-1). Suppose 0 = i*j - 3*j + 36. List the prime factors of j/16 - 331/(-8).
41
Suppose -16*a + 91280 = -20*a. List the prime factors of (-1)/13*-2 + a/(-52).
439
Suppose 4*j - 10698 = -d, 2*d - 4*j - 4123 - 17321 = 0. What are the prime factors of d?
2, 11, 487
Suppose -5*l = 0, 2*l = 4*y - 2*l - 264. Let u = 68 - y. List the prime factors of 24/18*3/u.
2
Let p be 2*(4 + -1 - 1). Suppose 5*z - 2*a = 13, 3*a - 2 = 1. List the prime factors of (-5 + p)/(z/(-474)).
2, 79
Let w = 15 + -14. Let s(u) = 124*u**3 - 2*u**2 - 2*u + 3. Let n be s(w). Let c = 388 - n. What are the prime factors of c?
5, 53
Suppose 0 = c - 3*c + 4*n + 22, -16 = -2*c + 2*n. Suppose 5*q - 27 = -12. Suppose -q*d + 499 = 4*f - c*f, 5*d - 2*f - 830 = 0. What are the prime factors of d?
2, 3, 7
Suppose -18*n + 112 = 10*n. Suppose -i - 7*r = -6*r - 450, 2*i - 908 = -n*r. What are the prime factors of i?
2, 223
What are the prime factors of (3 + 1 - 266)*((-819)/26 + 8)?
47, 131
Suppose 4*y - u = -18, 0 = -2*u - 0*u + 4. List the prime factors of (y/(-8))/(516/(-520) - -1).
5, 13
Suppose -4*l - 10 = -s, -l - 1 = -5*s - 8. Let j be (l - -3)/(-4) - -3. List the prime factors of j - (-34)/(-2 + 24/9).
2, 3
What are the prime factors of (-75068)/(-70)*70/28?
7, 383
Let c = 65733 - 45996. List the prime factors of c.
3, 17, 43
Let s be (-7)/(-2) - (-8)/16. Suppose -u = -4*r + 7, 0*u - 6 = -5*r + s*u. Suppose 3*a + 5*q - 105 = 0, 4*a + r*q = 154 - 14. List the prime factors of a.
5, 7
Let p be 2/(2/(-10)*10/(-4)). Suppose 5*t = -p*k + 6*t + 60, -3*k - 3*t = -60. Suppose 9*f + 539 = k*f. List the prime factors of f.
7, 11
Suppose -5*y + 2*b + 2101 = 0, 5*b - 480 = -3*y + 793. Let c = 881 - y. What are the prime factors of c?
2, 5, 23
Let u(k) = k**2 + k + 114. Suppose a - g + 5 - 4 = 0, 0 = 5*a - g + 5. Let f be (5 + -5)/(a - -2). List the prime factors of u(f).
2, 3, 19
Let a(s) = 6*s - 29. Let u(p) = -2*p**3 + 15*p**2 + 9*p + 18. Let j be u(8). Suppose -2*x - y = -16, -2*y - 2 = 3*x - j. List the prime factors of a(x).
19
Let m = -626 - -629. List the prime factors of 9/m + 6384/16.
2, 3, 67
Suppose 0 = -6*f + 2*f + 55139 + 8277. What are the prime factors of f?
2, 7927
Let x = -123 - -44. Let r = -114 - x. Let w = 41 - r. List the prime factors of w.
2, 19
Let a(m) = -2*m**2 - 14*m + 13. Let n be a(8). Let b = -67 - n. What are the prime factors of b?
2, 5
Suppose 2*w + n + 962 - 4390 = 0, -24 = -4*n. What are the prime factors of w?
29, 59
Suppose 4*g + 4*y = 0, -4*y + 40 = 3*g - 9*y. List the prime factors of 23/g + -4 - 3831/(-15).
2
Let z(k) = -245*k + 6142. What are the prime factors of z(-92)?
2, 14341
Let f be (-2 - 320/(-170)) + (-8145)/(-17). Suppose -1095 - f = -n. List the prime factors of n.
2, 787
Let f = -31 - -34. Suppose f*x - 5*x + 6 = 0, -5*x = -2*u + 139. What are the prime factors of u?
7, 11
What are the prime factors of (-12)/20 + (-7171989)/(-165)?
2, 103, 211
Suppose 4*j + 189 = 3*w - 0*j, 2*w = 4*j + 130. Suppose 5*n - w = -3*t, 2*t + 0*n - 48 = n. Let z = t - 8. List the prime factors of z.
3, 5
Let y(n) = -3*n - 5*n - 26 + 61 + 28*n**2 - 24. List the prime factors of y(4).
7, 61
Let o = -17 + 17. Suppose -5*y + o*d + 901 = -2*d, -y - 5*d + 191 = 0. Let z = y - 112. What are the prime factors of z?
3, 23
Suppose -z + 5 = 0, 2*f - 4*z = -3*f. Suppose 0*k = -3*k + f*j - 15, 2*k - 3*j = -11. What are the prime factors of (-4)/(-3) + k - (-287)/21?
2, 7
Let i(c) = -10*c + 129. Let j(o) = -19*o + 45. Let x be j(4). List the prime factors of i(x).
439
Let t be (-88)/(-66) + (-4)/(-6). Suppose j = 2*j - 245. Suppose -t*y + j = -181. List the prime factors of y.
3, 71
Let p = -39 + 41. Suppose 3*z = 3*y + p*y + 686, -4*y = 4*z - 936. Suppose -z = -5*c + 13. List the prime factors of c.
7
Let m = 377 + -692. List the prime factors of (-56)/(-56) - (m + 0).
2, 79
Let t(c) = 682*c**2 - 167*c + 42. List the 